{"id":19,"date":"2025-02-03T15:18:11","date_gmt":"2025-02-03T14:18:11","guid":{"rendered":"https:\/\/leandrepiviercrousier.fr\/?page_id=19"},"modified":"2025-02-06T11:31:41","modified_gmt":"2025-02-06T10:31:41","slug":"entreprise","status":"publish","type":"page","link":"https:\/\/leandrepiviercrousier.fr\/?page_id=19","title":{"rendered":"1-Entreprise"},"content":{"rendered":"<p>[et_pb_section fb_built=&#8221;1&#8243; next_background_color=&#8221;#000000&#8243; _builder_version=&#8221;4.27.4&#8243; _module_preset=&#8221;default&#8221; background_color=&#8221;#64c1af&#8221; bottom_divider_style=&#8221;graph3&#8243; bottom_divider_height=&#8221;125px&#8221; global_colors_info=&#8221;{}&#8221;][et_pb_row _builder_version=&#8221;4.27.4&#8243; _module_preset=&#8221;default&#8221; global_colors_info=&#8221;{}&#8221;][et_pb_column type=&#8221;4_4&#8243; _builder_version=&#8221;4.27.4&#8243; _module_preset=&#8221;default&#8221; global_colors_info=&#8221;{}&#8221;][et_pb_text _builder_version=&#8221;4.27.4&#8243; _module_preset=&#8221;default&#8221; text_font=&#8221;|||on|||||&#8221; header_font=&#8221;Poppins|800||on|on|||#E02B20|&#8221; header_text_align=&#8221;center&#8221; background_color=&#8221;RGBA(255,255,255,0)&#8221; module_alignment=&#8221;center&#8221; global_colors_info=&#8221;{}&#8221;]<\/p>\n<h1><strong>1 : Entreprise<\/strong><\/h1>\n<p>[\/et_pb_text][\/et_pb_column][\/et_pb_row][\/et_pb_section][et_pb_section fb_built=&#8221;1&#8243; _builder_version=&#8221;4.27.4&#8243; _module_preset=&#8221;default&#8221; background_color=&#8221;#000000&#8243; global_colors_info=&#8221;{}&#8221;][et_pb_row column_structure=&#8221;2_5,3_5&#8243; _builder_version=&#8221;4.27.4&#8243; _module_preset=&#8221;default&#8221; custom_margin=&#8221;||0px||false|false&#8221; custom_padding=&#8221;0px||0px||false|false&#8221; global_colors_info=&#8221;{}&#8221;][et_pb_column type=&#8221;2_5&#8243; _builder_version=&#8221;4.27.4&#8243; _module_preset=&#8221;default&#8221; global_colors_info=&#8221;{}&#8221;][et_pb_map address=&#8221;646 Av. Auguste Baron, 13500 Martigues, France&#8221; address_lat=&#8221;43.4314154&#8243; address_lng=&#8221;5.0496417&#8243; _builder_version=&#8221;4.27.4&#8243; _module_preset=&#8221;default&#8221; min_height=&#8221;400px&#8221; custom_margin=&#8221;||-44px|||&#8221; global_colors_info=&#8221;{}&#8221;][et_pb_map_pin title=&#8221;Agence Copin&#8221; pin_address=&#8221;646 Av. Auguste Baron, 13500 Martigues, France&#8221; pin_address_lat=&#8221;43.4314154&#8243; pin_address_lng=&#8221;5.0496417&#8243; _builder_version=&#8221;4.27.4&#8243; _module_preset=&#8221;default&#8221; global_colors_info=&#8221;{}&#8221;][\/et_pb_map_pin][\/et_pb_map][et_pb_video src=&#8221;http:\/\/leandrepiviercrousier.fr\/wp-content\/uploads\/2025\/02\/Sequence-01.mp4&#8243; _builder_version=&#8221;4.27.4&#8243; _module_preset=&#8221;default&#8221; custom_padding=&#8221;113px|||||&#8221; global_colors_info=&#8221;{}&#8221;][\/et_pb_video][\/et_pb_column][et_pb_column type=&#8221;3_5&#8243; _builder_version=&#8221;4.27.4&#8243; _module_preset=&#8221;default&#8221; global_colors_info=&#8221;{}&#8221;][et_pb_text _builder_version=&#8221;4.27.4&#8243; _module_preset=&#8221;default&#8221; text_font=&#8221;|700||on|on|||#E02B20|&#8221; text_font_size=&#8221;24px&#8221; header_font=&#8221;|700||on|on||||&#8221; custom_margin=&#8221;||||false|false&#8221; custom_padding=&#8221;||||false|false&#8221; global_colors_info=&#8221;{}&#8221;]<\/p>\n<p>Pr\u00e9sentation<strong> &amp; Description :\u00a0<\/strong><\/p>\n<p>[\/et_pb_text][et_pb_text _builder_version=&#8221;4.27.4&#8243; _module_preset=&#8221;default&#8221; text_font=&#8221;Poppins||||||||&#8221; custom_margin=&#8221;||||false|false&#8221; global_colors_info=&#8221;{}&#8221;]<\/p>\n<p>L&#8217;agence COPIN, fond\u00e9e en 2020 par Jean P\u00e9pin et Quentin Colle, est sp\u00e9cialis\u00e9e dans la communication et a su se positionner comme un acteur cl\u00e9 dans ce domaine en pleine expansion. Son slogan, &#8220;<strong>Rayonnons avec impact<\/strong>&#8220;, refl\u00e8te parfaitement sa volont\u00e9 d&#8217;aider ses clients \u00e0 se d\u00e9marquer et \u00e0 maximiser leur visibilit\u00e9. Bas\u00e9e exclusivement \u00e0 Martigues, l&#8217;agence \u00e9volue dans un secteur tertiaire dynamique, offrant des solutions de communication sur mesure, en particulier dans le domaine du digital et des r\u00e9seaux sociaux. Depuis le d\u00e9part de Jean P\u00e9pin, Quentin Colle a pris la t\u00eate de l&#8217;entreprise, guidant COPIN vers un d\u00e9veloppement constant. L&#8217;agence est install\u00e9e dans un espace de co-working appel\u00e9 <strong>Le Mikado<\/strong>, un environnement cr\u00e9atif et stimulant de 200m\u00b2. Cet espace moderne et collaboratif permet \u00e0 l\u2019\u00e9quipe de COPIN de travailler dans des conditions id\u00e9ales, tout en \u00e9tant proche d&#8217;autres professionnels et entrepreneurs de la r\u00e9gion. Gr\u00e2ce \u00e0 son approche innovante et son ancrage local, COPIN continue de se d\u00e9velopper, proposant des solutions qui marquent les esprits et g\u00e9n\u00e8rent un v\u00e9ritable impact pour ses clients.<\/p>\n<p>[\/et_pb_text][et_pb_image src=&#8221;http:\/\/leandrepiviercrousier.fr\/wp-content\/uploads\/2025\/02\/locaux-Mikado-scaled-e1738760732267.jpg&#8221; title_text=&#8221;locaux Mikado&#8221; _builder_version=&#8221;4.27.4&#8243; _module_preset=&#8221;default&#8221; global_colors_info=&#8221;{}&#8221;][\/et_pb_image][\/et_pb_column][\/et_pb_row][et_pb_row column_structure=&#8221;3_5,2_5&#8243; _builder_version=&#8221;4.27.4&#8243; _module_preset=&#8221;default&#8221; min_height=&#8221;282.8px&#8221; custom_margin=&#8221;91px|auto|-41px|auto||&#8221; custom_padding=&#8221;||35px|||&#8221; global_colors_info=&#8221;{}&#8221;][et_pb_column type=&#8221;3_5&#8243; _builder_version=&#8221;4.27.4&#8243; _module_preset=&#8221;default&#8221; global_colors_info=&#8221;{}&#8221;][et_pb_text _builder_version=&#8221;4.27.4&#8243; _module_preset=&#8221;default&#8221; text_font=&#8221;|700|||on|on||#E02B20|&#8221; text_font_size=&#8221;24px&#8221; header_font=&#8221;|700|||on|on|||&#8221; global_colors_info=&#8221;{}&#8221;]<\/p>\n<p><strong>Fonctionnement :\u00a0<\/strong><\/p>\n<p>[\/et_pb_text][et_pb_text _builder_version=&#8221;4.27.4&#8243; _module_preset=&#8221;default&#8221; text_font=&#8221;|600|||||||&#8221; text_text_color=&#8221;#FFFFFF&#8221; header_font=&#8221;|600|||||||&#8221; header_text_align=&#8221;center&#8221; global_colors_info=&#8221;{}&#8221; content__hover_enabled=&#8221;off|hover&#8221;]<\/p>\n<p>L&#8217;agence Copin, situ\u00e9e \u00e0 Martigues, est sp\u00e9cialis\u00e9e dans le design graphique et la communication visuelle. Son activit\u00e9 principale consiste \u00e0 cr\u00e9er des visuels percutants pour ses clients, que ce soit pour des supports imprim\u00e9s ou num\u00e9riques. L&#8217;agence utilise des logiciels de la suite Adobe, tels que Photoshop, Illustrator et InDesign, pour concevoir des graphismes de qualit\u00e9, adapt\u00e9s aux besoins sp\u00e9cifiques de chaque projet. En parall\u00e8le, elle d\u00e9veloppe \u00e9galement des sites internet via WordPress, afin de garantir une pr\u00e9sence en ligne soign\u00e9e. L&#8217;agence travaille avec des ordinateurs performants et des outils de pointe pour offrir un service \u00e0 la hauteur des attentes. Les horaires de l&#8217;entreprises sont de 8h30 \u00e0 18h.<\/p>\n<p>&nbsp;<\/p>\n<p><span style=\"text-decoration: underline;\">La cr\u00e9ation du logo d&#8217;un client :\u00a0\u00a0<\/span><\/p>\n<p>[\/et_pb_text][\/et_pb_column][et_pb_column type=&#8221;2_5&#8243; _builder_version=&#8221;4.27.4&#8243; _module_preset=&#8221;default&#8221; global_colors_info=&#8221;{}&#8221;][et_pb_image src=&#8221;http:\/\/leandrepiviercrousier.fr\/wp-content\/uploads\/2025\/02\/copin-creative-agence-design-scaled-1-scaled.jpeg&#8221; title_text=&#8221;Side View of Graphic Designer Working on Project&#8221; _builder_version=&#8221;4.27.4&#8243; _module_preset=&#8221;default&#8221; background_enable_mask_style=&#8221;on&#8221; background_mask_style=&#8221;blades&#8221; background_mask_color=&#8221;#E02B20&#8243; background_mask_transform=&#8221;invert&#8221; global_colors_info=&#8221;{}&#8221;][\/et_pb_image][\/et_pb_column][\/et_pb_row][et_pb_row _builder_version=&#8221;4.27.4&#8243; _module_preset=&#8221;default&#8221; column_structure=&#8221;1_4,1_4,1_4,1_4&#8243; hover_enabled=&#8221;0&#8243; sticky_enabled=&#8221;0&#8243;][et_pb_column _builder_version=&#8221;4.27.4&#8243; _module_preset=&#8221;default&#8221; type=&#8221;1_4&#8243;][et_pb_toggle title=&#8221;Etape 1&#8243; _builder_version=&#8221;4.27.4&#8243; _module_preset=&#8221;default&#8221; hover_enabled=&#8221;0&#8243; sticky_enabled=&#8221;0&#8243; background_color=&#8221;#000000&#8243; title_text_color=&#8221;#FFFFFF&#8221;]<\/p>\n<p>lors de la cr\u00e9ation d\u2019un logo, l\u2019agence commence par concevoir plusieurs esquisses \u00e0 la main.<\/p>\n<p>[\/et_pb_toggle][\/et_pb_column][et_pb_column _builder_version=&#8221;4.27.4&#8243; _module_preset=&#8221;default&#8221; type=&#8221;1_4&#8243;][et_pb_toggle title=&#8221;Etape 2&#8243; _builder_version=&#8221;4.27.4&#8243; _module_preset=&#8221;default&#8221; hover_enabled=&#8221;0&#8243; sticky_enabled=&#8221;0&#8243; background_color=&#8221;#000000&#8243; title_text_color=&#8221;#FFFFFF&#8221; open_toggle_text_color=&#8221;#FFFFFF&#8221;]<\/p>\n<p>Une fois les id\u00e9es d\u00e9finies, le logo est cr\u00e9\u00e9 sur le logiciel Illustrator, avec plusieurs d\u00e9clinaisons et variations de couleurs.<\/p>\n<p>[\/et_pb_toggle][\/et_pb_column][et_pb_column _builder_version=&#8221;4.27.4&#8243; _module_preset=&#8221;default&#8221; type=&#8221;1_4&#8243;][et_pb_toggle title=&#8221;Etape 3&#8243; _builder_version=&#8221;4.27.4&#8243; _module_preset=&#8221;default&#8221; hover_enabled=&#8221;0&#8243; sticky_enabled=&#8221;0&#8243; background_color=&#8221;#000000&#8243; open_toggle_text_color=&#8221;#FFFFFF&#8221; title_text_color=&#8221;#FFFFFF&#8221;]<\/p>\n<p>Un dossier de pr\u00e9sentation est ensuite \u00e9labor\u00e9, regroupant les logos s\u00e9lectionn\u00e9s, une explication d\u00e9taill\u00e9e des choix de couleurs, ainsi que des maquettes montrant le logo sur diff\u00e9rents supports, tels que des v\u00e9hicules ou la devanture de l\u2019agence du client. Ce dossier est pr\u00e9sent\u00e9 au client afin qu&#8217;il puisse donner son avis.<\/p>\n<p>[\/et_pb_toggle][\/et_pb_column][et_pb_column _builder_version=&#8221;4.27.4&#8243; _module_preset=&#8221;default&#8221; type=&#8221;1_4&#8243;][et_pb_toggle title=&#8221;Etape 4&#8243; _builder_version=&#8221;4.27.4&#8243; _module_preset=&#8221;default&#8221; hover_enabled=&#8221;0&#8243; sticky_enabled=&#8221;0&#8243; background_color=&#8221;#000000&#8243; open_toggle_text_color=&#8221;#FFFFFF&#8221; title_text_color=&#8221;#FFFFFF&#8221;]<\/p>\n<p>Apr\u00e8s avoir pris en compte ses retours, le logo est finalis\u00e9, et le client re\u00e7oit le logo d\u00e9finitif, pr\u00eat \u00e0 \u00eatre utilis\u00e9.<\/p>\n<p>[\/et_pb_toggle][\/et_pb_column][\/et_pb_row][et_pb_row _builder_version=&#8221;4.27.4&#8243; _module_preset=&#8221;default&#8221; global_colors_info=&#8221;{}&#8221;][et_pb_column type=&#8221;4_4&#8243; _builder_version=&#8221;4.27.4&#8243; _module_preset=&#8221;default&#8221; global_colors_info=&#8221;{}&#8221;][et_pb_text _builder_version=&#8221;4.27.4&#8243; _module_preset=&#8221;default&#8221; text_font=&#8221;|700|||on|on||#E02B20|&#8221; text_font_size=&#8221;24px&#8221; header_font=&#8221;|700||||on|||&#8221; header_font_size=&#8221;24px&#8221; global_colors_info=&#8221;{}&#8221;]<\/p>\n<p>L\u2019entreprise et ses Partenaires :<\/p>\n<p>[\/et_pb_text][\/et_pb_column][\/et_pb_row][et_pb_row _builder_version=&#8221;4.27.4&#8243; _module_preset=&#8221;default&#8221; global_colors_info=&#8221;{}&#8221;][et_pb_column type=&#8221;4_4&#8243; _builder_version=&#8221;4.27.4&#8243; _module_preset=&#8221;default&#8221; global_colors_info=&#8221;{}&#8221;][et_pb_text _builder_version=&#8221;4.27.4&#8243; _module_preset=&#8221;default&#8221; text_text_color=&#8221;#FFFFFF&#8221; global_colors_info=&#8221;{}&#8221;]<\/p>\n<div class=\"flex-1 overflow-hidden @container\/thread translate-y-[1.5rem] -mt-[1.5rem] pb-[1.5rem]\">\n<div class=\"h-full\">\n<div class=\"react-scroll-to-bottom--css-xewhz-79elbk h-full\">\n<div class=\"react-scroll-to-bottom--css-xewhz-1n7m0yu\">\n<div class=\"flex flex-col text-sm md:pb-9\">\n<article class=\"w-full text-token-text-primary focus-visible:outline-2 focus-visible:outline-offset-[-4px]\" dir=\"auto\" data-testid=\"conversation-turn-15\" data-scroll-anchor=\"true\">\n<div class=\"m-auto text-base py-[18px] px-6\">\n<div class=\"mx-auto flex flex-1 gap-4 text-base md:gap-5 lg:gap-6 md:max-w-3xl\">\n<div class=\"group\/conversation-turn relative flex w-full min-w-0 flex-col agent-turn @xs\/thread:px-0 @sm\/thread:px-1.5 @md\/thread:px-4\">\n<div class=\"flex-col gap-1 md:gap-3\">\n<div class=\"flex max-w-full flex-col flex-grow\">\n<div data-message-author-role=\"assistant\" data-message-id=\"4fd5b2d8-2cdb-4454-916e-4539f19751e4\" dir=\"auto\" class=\"min-h-8 text-message flex w-full flex-col items-end gap-2 whitespace-normal break-words text-start [.text-message+&amp;]:mt-5\" data-message-model-slug=\"gpt-4o-mini\">\n<div class=\"flex w-full flex-col gap-1 empty:hidden first:pt-[3px]\">\n<div class=\"markdown prose w-full break-words dark:prose-invert dark\">\n<p>L&#8217;agence COPIN, situ\u00e9e \u00e0 Martigues, travaille principalement avec des entreprises locales et des particuliers, en offrant des services de design graphique et de communication visuelle sur mesure.<span style=\"font-size: 14px;\">\u00a0<\/span><\/p>\n<\/div>\n<\/div>\n<\/div>\n<\/div>\n<\/div>\n<\/div>\n<\/div>\n<\/div>\n<\/article>\n<\/div>\n<\/div>\n<\/div>\n<\/div>\n<\/div>\n<div class=\"md:pt-0 dark:border-white\/20 md:border-transparent md:dark:border-transparent w-full isolate has-[[data-has-thread-error]]:[box-shadow:var(--sharp-edge-bottom-shadow)] has-[[data-has-thread-error]]:pt-2\">\n<div>\n<div class=\"m-auto text-base px-3 md:px-4 w-full md:px-5 lg:px-4 xl:px-5\">\n<div class=\"mx-auto flex flex-1 gap-4 text-base md:gap-5 lg:gap-6 md:max-w-3xl\">\n<form class=\"w-full\" type=\"button\" aria-haspopup=\"dialog\" aria-expanded=\"false\" aria-controls=\"radix-:rk:\" data-state=\"closed\">\n<div class=\"relative z-[1] flex h-full max-w-full flex-1 flex-col\">\n<div class=\"group relative z-[1] flex w-full items-center\">\n<div class=\"w-full\">\n<div id=\"composer-background\" class=\"flex w-full cursor-text flex-col rounded-3xl border border-token-border-light px-3 py-1 transition-colors contain-inline-size dark:border-none dark:shadow-none shadow-[0_9px_9px_0px_rgba(0,0,0,0.01),_0_2px_5px_0px_rgba(0,0,0,0.06)] bg-token-main-surface-primary dark:bg-[#303030]\">\n<div class=\"flex min-h-[44px] items-start pl-1\">\n<div class=\"min-w-0 max-w-full flex-1\">\n<div class=\"\">\n<div class=\"_prosemirror-parent_cy42l_1 text-token-text-primary max-h-[25dvh] max-h-52 overflow-auto default-browser\"><\/div>\n<\/div>\n<\/div>\n<\/div>\n<\/div>\n<\/div>\n<\/div>\n<\/div>\n<\/form>\n<\/div>\n<\/div>\n<\/div>\n<\/div>\n<p>[\/et_pb_text][\/et_pb_column][\/et_pb_row][et_pb_row column_structure=&#8221;1_2,1_2&#8243; _builder_version=&#8221;4.27.4&#8243; _module_preset=&#8221;default&#8221; custom_padding=&#8221;0px||0px|||&#8221; global_colors_info=&#8221;{}&#8221;][et_pb_column type=&#8221;1_2&#8243; _builder_version=&#8221;4.27.4&#8243; _module_preset=&#8221;default&#8221; global_colors_info=&#8221;{}&#8221;][et_pb_image src=&#8221;http:\/\/leandrepiviercrousier.fr\/wp-content\/uploads\/2025\/02\/Capture-decran-2025-02-06-104138.png&#8221; title_text=&#8221;Capture d&#8217;\u00e9cran 2025-02-06 104138&#8243; _builder_version=&#8221;4.27.4&#8243; _module_preset=&#8221;default&#8221; global_colors_info=&#8221;{}&#8221;][\/et_pb_image][\/et_pb_column][et_pb_column type=&#8221;1_2&#8243; _builder_version=&#8221;4.27.4&#8243; _module_preset=&#8221;default&#8221; global_colors_info=&#8221;{}&#8221;][et_pb_text _builder_version=&#8221;4.27.4&#8243; _module_preset=&#8221;default&#8221; custom_padding=&#8221;||0px|||&#8221; global_colors_info=&#8221;{}&#8221;]<\/p>\n<p>Concurrent ou Collaborateur:<\/p>\n<p>&nbsp;<\/p>\n<div class=\"flex-1 overflow-hidden @container\/thread translate-y-[1.5rem] -mt-[1.5rem] pb-[1.5rem]\">\n<div class=\"h-full\">\n<div class=\"react-scroll-to-bottom--css-sbbmq-79elbk h-full\">\n<div class=\"react-scroll-to-bottom--css-sbbmq-1n7m0yu\">\n<div class=\"flex flex-col text-sm md:pb-9\">\n<article class=\"w-full text-token-text-primary focus-visible:outline-2 focus-visible:outline-offset-[-4px]\" dir=\"auto\" data-testid=\"conversation-turn-5\" data-scroll-anchor=\"true\">\n<div class=\"m-auto text-base py-[18px] px-6\">\n<div class=\"mx-auto flex flex-1 gap-4 text-base md:gap-5 lg:gap-6 md:max-w-3xl\">\n<div class=\"group\/conversation-turn relative flex w-full min-w-0 flex-col agent-turn @xs\/thread:px-0 @sm\/thread:px-1.5 @md\/thread:px-4\">\n<div class=\"flex-col gap-1 md:gap-3\">\n<div class=\"flex max-w-full flex-col flex-grow\">\n<div data-message-author-role=\"assistant\" data-message-id=\"455db1e1-b606-4519-858f-dc84b259790e\" dir=\"auto\" class=\"min-h-8 text-message flex w-full flex-col items-end gap-2 whitespace-normal break-words text-start [.text-message+&amp;]:mt-5\" data-message-model-slug=\"gpt-4o-mini\">\n<div class=\"flex w-full flex-col gap-1 empty:hidden first:pt-[3px]\">\n<div class=\"markdown prose w-full break-words dark:prose-invert dark\">\n<p>La diff\u00e9rence entre collaborateur et concurrent r\u00e9side dans la relation qu&#8217;ils entretiennent avec l&#8217;entreprise. Un collaborateur travaille de mani\u00e8re compl\u00e9mentaire avec l&#8217;entreprise pour atteindre des objectifs communs, tandis que le concurrent cherche \u00e0 surpasser l\u2019entreprise sur les m\u00eames march\u00e9s. L&#8217;agence COPIN voit ses concurrents comme des collaborateurs potentiels, adoptant une approche innovante bas\u00e9e sur la collaboration plut\u00f4t que sur la rivalit\u00e9. Cette vision permet de cr\u00e9er des synergies, d&#8217;explorer de nouvelles opportunit\u00e9s et d&#8217;enrichir les comp\u00e9tences, contribuant ainsi \u00e0 un environnement plus collaboratif et b\u00e9n\u00e9fique pour tous.<\/p>\n<\/div>\n<\/div>\n<\/div>\n<\/div>\n<\/div>\n<\/div>\n<\/div>\n<\/div>\n<\/article>\n<\/div>\n<\/div>\n<\/div>\n<\/div>\n<\/div>\n<div class=\"md:pt-0 dark:border-white\/20 md:border-transparent md:dark:border-transparent w-full isolate has-[[data-has-thread-error]]:[box-shadow:var(--sharp-edge-bottom-shadow)] has-[[data-has-thread-error]]:pt-2\">\n<div class=\"m-auto text-base px-3 md:px-4 w-full md:px-5 lg:px-4 xl:px-5\">\n<div class=\"mx-auto flex flex-1 gap-4 text-base md:gap-5 lg:gap-6 md:max-w-3xl\">\n<form class=\"w-full\" type=\"button\" aria-haspopup=\"dialog\" aria-expanded=\"false\" aria-controls=\"radix-:rn:\" data-state=\"closed\">\n<div class=\"relative z-[1] flex h-full max-w-full flex-1 flex-col\">\n<div class=\"group relative z-[1] flex w-full items-center\">\n<div class=\"w-full\">\n<div id=\"composer-background\" class=\"flex w-full cursor-text flex-col rounded-3xl border border-token-border-light px-3 py-1 transition-colors contain-inline-size dark:border-none dark:shadow-none shadow-[0_9px_9px_0px_rgba(0,0,0,0.01),_0_2px_5px_0px_rgba(0,0,0,0.06)] bg-token-main-surface-primary dark:bg-[#303030]\">\n<div class=\"flex min-h-[44px] items-start pl-1\">\n<div class=\"min-w-0 max-w-full flex-1\">\n<div class=\"\">\n<div class=\"_prosemirror-parent_cy42l_1 text-token-text-primary max-h-[25dvh] max-h-52 overflow-auto default-browser\">\n<p>&nbsp;<\/p>\n<div contenteditable=\"true\" translate=\"no\" class=\"ProseMirror\" id=\"prompt-textarea\" data-virtualkeyboard=\"true\"><\/div>\n<\/div>\n<\/div>\n<\/div>\n<\/div>\n<\/div>\n<\/div>\n<\/div>\n<\/div>\n<\/form>\n<\/div>\n<\/div>\n<\/div>\n<p>[\/et_pb_text][\/et_pb_column][\/et_pb_row][et_pb_row _builder_version=&#8221;4.27.4&#8243; _module_preset=&#8221;default&#8221; custom_margin=&#8221;-118px|auto||auto||&#8221; custom_padding=&#8221;11px|||||&#8221; global_colors_info=&#8221;{}&#8221;][et_pb_column type=&#8221;4_4&#8243; _builder_version=&#8221;4.27.4&#8243; _module_preset=&#8221;default&#8221; global_colors_info=&#8221;{}&#8221;][et_pb_text _builder_version=&#8221;4.27.4&#8243; _module_preset=&#8221;default&#8221; global_colors_info=&#8221;{}&#8221;]<\/p>\n<p>\u00a0L&#8217;agence se distingue par son approche personnalis\u00e9e et sa capacit\u00e9 \u00e0 r\u00e9pondre de mani\u00e8re cr\u00e9ative aux besoins sp\u00e9cifiques de ses clients. Pour certains projets n\u00e9cessitant des comp\u00e9tences techniques sp\u00e9cifiques, comme l&#8217;impression de supports visuels de qualit\u00e9, l&#8217;agence fait appel \u00e0 des sous-traitants sp\u00e9cialis\u00e9s. Cette utilisation de sous-traitants permet \u00e0 l&#8217;agence de garantir des r\u00e9sultats optimaux, en s&#8217;appuyant sur l&#8217;expertise de professionnels sp\u00e9cialis\u00e9s dans l&#8217;impression, tout en se concentrant sur son c\u0153ur de m\u00e9tier : la cr\u00e9ation graphique. Cela permet \u00e9galement de maintenir une flexibilit\u00e9 et une r\u00e9activit\u00e9 face aux demandes diverses des clients, tout en s&#8217;assurant que chaque aspect du projet, y compris l&#8217;impression, soit r\u00e9alis\u00e9 avec la plus haute qualit\u00e9 possible.<\/p>\n<p>[\/et_pb_text][\/et_pb_column][\/et_pb_row][et_pb_row column_structure=&#8221;1_3,1_3,1_3&#8243; _builder_version=&#8221;4.27.4&#8243; _module_preset=&#8221;default&#8221; global_colors_info=&#8221;{}&#8221;][et_pb_column type=&#8221;1_3&#8243; _builder_version=&#8221;4.27.4&#8243; _module_preset=&#8221;default&#8221; global_colors_info=&#8221;{}&#8221;][et_pb_image src=&#8221;http:\/\/leandrepiviercrousier.fr\/wp-content\/uploads\/2025\/02\/agence-copin-RSE-communication-responsable-rayonnons-avec-impact-logotype-support-de-communication-logotype-logo.jpg&#8221; title_text=&#8221;agence-copin-RSE-communication-responsable-rayonnons-avec-impact-logotype-support-de-communication-logotype-logo&#8221; _builder_version=&#8221;4.27.4&#8243; _module_preset=&#8221;default&#8221; global_colors_info=&#8221;{}&#8221;][\/et_pb_image][\/et_pb_column][et_pb_column type=&#8221;1_3&#8243; _builder_version=&#8221;4.27.4&#8243; _module_preset=&#8221;default&#8221; global_colors_info=&#8221;{}&#8221;][et_pb_image src=&#8221;http:\/\/leandrepiviercrousier.fr\/wp-content\/uploads\/2025\/02\/agence-copin-RSE-communication-responsable-rayonnons-avec-impact-logotype-signaletique.jpg&#8221; title_text=&#8221;agence-copin-RSE-communication-responsable-rayonnons-avec-impact-logotype-signaletique&#8221; _builder_version=&#8221;4.27.4&#8243; _module_preset=&#8221;default&#8221; global_colors_info=&#8221;{}&#8221;][\/et_pb_image][\/et_pb_column][et_pb_column type=&#8221;1_3&#8243; _builder_version=&#8221;4.27.4&#8243; _module_preset=&#8221;default&#8221; global_colors_info=&#8221;{}&#8221;][et_pb_image src=&#8221;http:\/\/leandrepiviercrousier.fr\/wp-content\/uploads\/2025\/02\/agence-copin-RSE-communication-responsable-rayonnons-avec-impact-marque-employeur.jpg&#8221; title_text=&#8221;agence-copin-RSE-communication-responsable-rayonnons-avec-impact-marque-employeur&#8221; _builder_version=&#8221;4.27.4&#8243; _module_preset=&#8221;default&#8221; global_colors_info=&#8221;{}&#8221;][\/et_pb_image][\/et_pb_column][\/et_pb_row][\/et_pb_section]<\/p>\n","protected":false},"excerpt":{"rendered":"<p>1 : EntreprisePr\u00e9sentation &amp; Description :\u00a0L&#8217;agence COPIN, fond\u00e9e en 2020 par Jean P\u00e9pin et Quentin Colle, est sp\u00e9cialis\u00e9e dans la communication et a su se positionner comme un acteur cl\u00e9 dans ce domaine en pleine expansion. Son slogan, &#8220;Rayonnons avec impact&#8221;, refl\u00e8te parfaitement sa volont\u00e9 d&#8217;aider ses clients \u00e0 se d\u00e9marquer et \u00e0 maximiser leur [&hellip;]<\/p>\n","protected":false},"author":1,"featured_media":0,"parent":0,"menu_order":0,"comment_status":"closed","ping_status":"closed","template":"","meta":{"_et_pb_use_builder":"on","_et_pb_old_content":"","_et_gb_content_width":"","footnotes":""},"class_list":["post-19","page","type-page","status-publish","hentry"],"_links":{"self":[{"href":"https:\/\/leandrepiviercrousier.fr\/index.php?rest_route=\/wp\/v2\/pages\/19","targetHints":{"allow":["GET"]}}],"collection":[{"href":"https:\/\/leandrepiviercrousier.fr\/index.php?rest_route=\/wp\/v2\/pages"}],"about":[{"href":"https:\/\/leandrepiviercrousier.fr\/index.php?rest_route=\/wp\/v2\/types\/page"}],"author":[{"embeddable":true,"href":"https:\/\/leandrepiviercrousier.fr\/index.php?rest_route=\/wp\/v2\/users\/1"}],"replies":[{"embeddable":true,"href":"https:\/\/leandrepiviercrousier.fr\/index.php?rest_route=%2Fwp%2Fv2%2Fcomments&post=19"}],"version-history":[{"count":25,"href":"https:\/\/leandrepiviercrousier.fr\/index.php?rest_route=\/wp\/v2\/pages\/19\/revisions"}],"predecessor-version":[{"id":154,"href":"https:\/\/leandrepiviercrousier.fr\/index.php?rest_route=\/wp\/v2\/pages\/19\/revisions\/154"}],"wp:attachment":[{"href":"https:\/\/leandrepiviercrousier.fr\/index.php?rest_route=%2Fwp%2Fv2%2Fmedia&parent=19"}],"curies":[{"name":"wp","href":"https:\/\/api.w.org\/{rel}","templated":true}]}}